5) is divided by 33?
31
Let a be ((-2)/2)/1*(-15 + 15). Suppose -l = 3*u + u + 2, 2*l - 29 = 3*u. Suppose -2*f + a + l = 0. What is the remainder when 13 is divided by f?
3
Let i = -11229 + 11516. Calculate the remainder when 637 is divided by i.
63
Suppose -3*w + 621 = 20*w. Calculate the remainder when w is divided by 22.
5
Let k(y) = -29*y + 439. Let x be k(15). Let f(o) be the first derivative of 2*o**3/3 - 3*o**2/2 - 12*o - 1. What is the remainder when f(x) is divided by 5?
3
Let h(f) = 2*f**3 - 14*f**2 - 11*f + 6. Suppose 3*d - 78 = -o + 81, -53 = -d + o. Calculate the remainder when d is divided by h(8).
7
Suppose -19*d + 37*d + 5292 = 0. Let c = -263 - d. What is the remainder when c is divided by 9?
4
Suppose -5*q = -4 - 11. Suppose -4*j + 72 = 3*t - 63, -q*t - 189 = -5*j. What is the remainder when 69 is divided by j?
33
Let u(z) = -101*z - 1293. Calculate the remainder when u(-16) is divided by 75.
23
Let g = 18 - -41. Let r = 48 - g. Let c(m) = -3*m - 24. What is the remainder when 26 is divided by c(r)?
8
What is the remainder when 3/6*(-39 + 661) is divided by 38?
7
Let b = -28 + 53. Suppose -b = -5*q + 75. Suppose u - 48 + 11 = -h, -5*u + 191 = 2*h. What is the remainder when u is divided by q?
19
Suppose 3*l - 3*h = -12, -4*h - 2 + 12 = 2*l. What is the remainder when 615/25 + l - 2/(-5) is divided by 9?
6
Let r(w) = -w - 30. Let j be r(6). Let m = -6 - j. Calculate the remainder when 24 is divided by (-26 - 1)*1*(-10)/m.
6
Let j(a) = a**3 + 11*a**2 - 15*a - 7. Suppose 261 = 3*i - 345. What is the remainder when i is divided by j(-12)?
28
Let y(s) = 46*s + 476. Calculate the remainder when 1885 is divided by y(-10).
13
Let o(j) = -2*j**3 - 41*j**2 - 21*j - 3. Calculate the remainder when 312 is divided by o(-20).
6
Let k = 8038 - -936. Calculate the remainder when k is divided by 33.
31
Suppose -96 + 0 = -4*p + t, -96 = -4*p + 4*t. Let j = -43 - -64. Let b = p - j. What is the remainder when 10 is divided by b?
1
Suppose -174*p + 179*p - 4910 = 0. Let f = p + -740. Calculate the remainder when f is divided by 51.
38
Let t(s) be the second derivative of -29*s**3/6 - 32*s**2 - 2*s + 43. What is the remainder when 33 is divided by t(-3)?
10
Let p(j) = 14*j - 24. Let v be p(11). Suppose -134*f = -v*f - 116. Suppose f*n - 34*n + 65 = 0. Calculate the remainder when 37 is divided by n.
11
Let j(i) = 80*i + 1219. What is the remainder when j(-11) is divided by 99?
42
Calculate the remainder when 100/5 + -7 + 110 is divided by 54.
15
Suppose 56*i - 12986 = 123822. What is the remainder when i is divided by 17?
12
Let y = 40653 + -39859. Calculate the remainder when 1647 is divided by y.
59
Let y = -3510 - -3537. What is the remainder when 119 is divided by y?
11
Suppose -9*r = 2017 - 2296. Calculate the remainder when 2417 is divided by r.
30
Let h be -4 - (0 + (-10 - -4)). Let u be (-1)/(h*4/16). What is the remainder when 510/24 + u/8 - 2 is divided by 10?
9
Let d(j) = -j**3 + 12*j**2 + 8*j. Suppose 16702*i = 16697*i - f + 29, 4*i + 4*f - 20 = 0. Calculate the remainder when d(10) is divided by i.
4
Let v(r) = r**3 - 13*r**2 + 9*r - 12. Let b be v(11). Let z = -145 - b. What is the remainder when z is divided by 2?
0
Let m(c) = c**3 + 75*c**2 - 1146*c - 159. What is the remainder when 11559 is divided by m(-88)?
16
Let m = 37 + -9. Suppose 5*x - 751 = -4*y + 2203, 2900 = 5*x - 5*y. What is the remainder when x is divided by m?
26
Calculate the remainder when 5*(-36)/15 + 4533 is divided by 119.
118
Let h(q) = -q - 6. Let o be h(-27). Suppose o*g + 150 = 26*g. What is the remainder when 299 is divided by g?
29
Suppose 14*h - 17*h - 5*u + 33685 = 0, -u = 4*h - 44885. What is the remainder when h is divided by 29?
26
Suppose 4*a = -4*n + n + 911, 5*n + 15 = 0. Suppose -14*g + 4 = -878. Calculate the remainder when a is divided by g.
41
Suppose -h = -2*h + 7. Let s(b) = 6*b - 3. Let a(r) = -60*r - 4. What is the remainder when a(-2) is divided by s(h)?
38
Let l = 2279 + -2262. What is the remainder when 4621 is divided by l?
14
Let k = -137 - -413. Let q = -249 + k. Let b(j) = -j**3 + 8*j**2 - 4*j - 6. Calculate the remainder when q is divided by b(7).
12
Let s = 37805 + -35018. Calculate the remainder when s is divided by 49.
43
Let t(p) = p**3 + 24*p**2 + 29*p - 19. Calculate the remainder when t(-14) is divided by 58.
27
Let y(c) = 5*c + 21. Let i(w) = 2*w + 11. Let j(p) = -5*i(p) + 3*y(p). Let f be j(-4). Let r = f + 14. Calculate the remainder when r is divided by 2.
0
Suppose 1027 = 20*l - 973. Let m = -80 + l. Calculate the remainder when 116 is divided by m.
16
Suppose 0*m - 2*m = -6. Suppose 3 = v, -4*q - m*v = -5*q + 14. What is the remainder when q is divided by (-5)/(-30) - (-2 - (-325)/(-30))?
10
Let q = 21 - 9. Let f be 5/(-30)*-4*q. Suppose -3*k + 4*d = -0*k + 11, 4*k = 4*d - f. What is the remainder when k is divided by 1?
0
Let i be (45/(-6))/(1/8). Suppose v + 138 - 92 = 0. Let h = v - i. Calculate the remainder when 25 is divided by h.
11
Let i(o) = -o**3 - 9*o**2 - 11*o + 8. Let m be (4 - (-5)/(-2))/(6/(-32)). Calculate the remainder when i(m) is divided by 18/(-27) + 112/6.
14
Let i = -3833 - -4123. What is the remainder when 876 is divided by i?
6
Suppose 0 = -46*c + 42*c. Suppose 2*k - 1114 = -4*i, c = 12*k - 14*k - 2*i + 1106. Calculate the remainder when k is divided by 46.
43
Suppose -10*i + 39200 = 25*i. Let v = i + -1082. Calculate the remainder when (-75 - 1/(-1))*-1 is divided by v.
36
Suppose i = -2*z - 365 + 42, 151 = -z - 4*i. Let h = z + 455. Calculate the remainder when h is divided by 98.
96
Calculate the remainder when 1*4 - (-328302)/39 is divided by 104.
102
Suppose -3*t + 8 - 2 = 0. Suppose -4*f - 12 = 0, 0*f - 4*f = -3*m + 63. What is the remainder when ((-18)/t)/((-3)/16) is divided by m?
14
Let j(f) = f**2 - 10. Let p = 1512 + -1500. Calculate the remainder when j(-8) is divided by p.
6
Let c(k) = -k - 1. Let a be c(-3). Let l be a/3 + (-196)/(-12). What is the remainder when (l - -1) + -1 - (-1 - 1) is divided by 4?
3
Let k = -181 - -194. Suppose -m + k = -2*n, 4*m - 34 = 3*n + 23. Calculate the remainder when 206 is divided by m.
11
Let z = -39 - -39. Suppose t - 1 - 4 = z. Suppose -t*r + 5*x + 51 = 2*x, 5*r - 48 = 4*x. Calculate the remainder when 44 is divided by r.
8
Let n be 192 + (0 - -2) + -2. Let l = -1155 + 1269. Let r = n - l. What is the remainder when r is divided by 16?
14
Let h = -58 - -67. Suppose -2*z - 5*r = -152, -4*z - 2*r = -h*z + 380. Calculate the remainder when z is divided by 11.
10
Suppose 2*i - 5*k - 22 + 468 = 0, 4*k = 2*i + 446. Let j = i - -269. Calculate the remainder when 549 is divided by j.
43
Let t = 215 - 134. Suppose -3*o - 41 = -2*z, -567*z + 3*o = -564*z - 45. What is the remainder when t is divided by z?
1
Let v(b) = -b**2 + 34*b - 103. Let w be v(27). What is the remainder when w/((-9)/(-27) + 5/3) is divided by 7?
1
Let t(w) = -w**3 - 16*w**2 - 31*w + 10. Let p be t(-13). Let g = p + 229. What is the remainder when g is divided by 35?
30
Let u = 3997 - 3374. Calculate the remainder when u is divided by 32.
15
Let f = 8 - 14. Suppose 0 = 3*b + 4*j - 61, 47*b + 5*j = 42*b + 110. What is the remainder when (49/(-3))/(2/f) is divided by b?
22
Let l(r) = -r**3 - 17*r**2 - 27*r + 52. Let i be l(-15). Suppose 19 + 16 = i*j. Let k(w) = -7*w - 1. What is the remainder when k(-5) is divided by j?
4
Suppose -3*t + 16 = t, -4*x - 4*t = -92. Let q be (-371 - -2)*(-1 - (-8)/4). Let j = q - -481. What is the remainder when j is divided by x?
17
Suppose -2*n + 134*o + 55 = 139*o, 3*o - 25 = -n. Calculate the remainder when 5718 is divided by n.
38
Suppose 0 = -3*k - w + 1505 + 255, 2*k + 5*w = 1169. What is the remainder when k is divided by 120?
107
Suppose 23*c = -131*c + 3388. What is the remainder when 94 is divided by c?
6
Let d = -2266 - -2350. Calculate the remainder when 285 is divided by d.
33
Suppose -38*s = 129576 - 476782. Calculate the remainder when s is divided by 13.
11
Let b(w) = -w**3 - 6*w**2 + 11*w + 33. Let c be b(-6). What is the remainder when 201 is divided by (-9)/c + 9480/330?
27
Let z(i) = -31*i - 223. Let b be z(-15). Let r = 275 - b. Calculate the remainder when r is divided by 8.
1
Suppose -32*j + 24*j + 400 = 0. What is the remainder